= p*d - 27*d. Let u be b(d). Calculate the highest common factor of 30 and u.
30
Let s be -8*3/18*-3. Let t be (756/144)/(1/(s - 0)). Suppose -410 = -0*j - 5*j - 2*i, 3*j = i + 257. What is the highest common divisor of j and t?
21
Let k be (-15)/10 + 21/6. Let z be k*(1 - 0) - 6300/(-100). Calculate the highest common factor of 39 and z.
13
Let z be (2 + 111/(-6))*((-6)/(-6) + -15). Calculate the highest common factor of z and 1947.
33
Let k be ((-5)/(-25))/(((-2)/(-2))/5). Let a be k/3*(-14 - -5). Let n(q) = -q**3 + 2*q + 3. Let w be n(a). Calculate the highest common factor of w and 60.
12
Let p be ((-7657)/(-76))/((-2)/(-8)). Suppose 0 = -p*l + 398*l + 100. What is the greatest common factor of l and 460?
20
Suppose -2*r - a = -32, -6*r = -7*r + 3*a + 30. Suppose -i = r - 20. What is the greatest common factor of 2 and i?
2
Let q be (-15)/(-6) - (-4140)/24. Calculate the highest common divisor of 175 and q.
175
Let n be 1/7 - (-2152)/28. Let f(h) = -6*h - 21. Let r be f(-5). Suppose r = -5*q + 44. Calculate the greatest common factor of n and q.
7
Suppose -i - 1465 = -6*i - c, -15 = 3*c. What is the highest common divisor of i and 252?
42
Let f(y) = -3*y + 9. Let z be -6 - -8 - (-3 + 2). Let b be f(z). Suppose 4*v - 5 = -5*c + 8, b = -4*c + 4. What is the highest common factor of 10 and v?
2
Let i(x) = -3*x**2 + 10*x + 64. Let a be i(9). Let d = 245 + a. What is the greatest common divisor of 117 and d?
39
Let s = -364 + 367. Calculate the greatest common divisor of 300 and s.
3
Let g(r) = 2*r**2 + 76*r - 834. Let t be g(9). Suppose -4*c + 465 = -471. Calculate the greatest common factor of c and t.
6
Suppose -132*d - 95*d + 194704 = 56*d. Calculate the highest common factor of d and 817.
43
Let o(n) = -47*n**2 + 554*n + 15. Let k be o(6). What is the highest common divisor of k and 1464?
183
Let u be (2*35)/(234/17901). What is the highest common factor of 15 and u?
15
Suppose 4*o = 0, -3*o - 1 = -i + 2. Let l be 8*(22/(-33) + 8/i). What is the highest common divisor of l and 2?
2
Suppose 13*a - 99*a + 83685 = -115319. Calculate the highest common factor of a and 130.
26
Let w(g) = 70*g - 407. Let b be 18*((-64)/24 - -3). Let j be w(b). Suppose -32 - 7 = -3*y. What is the greatest common factor of j and y?
13
Let l(v) = -v**3 - 9*v**2 + 6*v + 8. Let b be l(-10). Suppose -28*n = -4*n - 1536. What is the highest common factor of b and n?
16
Let j be -5 + 4193/35 - (-1)/((-5)/(-6)). Calculate the highest common factor of 2262 and j.
58
Suppose 0 = -5*v - 5*n + 17305, n = 5*v - 1785 - 15514. What is the highest common divisor of v and 100?
20
Let y be (-2 - 637/(-14))*(-6)/(-9). Suppose -71 = 2*k - i - 22, 2*i = 5*k + 123. Let s be (-5)/k - (-1448)/10. What is the greatest common divisor of s and y?
29
Let f be 2/9 + 13916/(-1917)*156/(-7). What is the greatest common divisor of f and 12?
6
Suppose -4*y - 3*b - 3743 = 762, -2*b + 5660 = -5*y. Let u be y/(-95) + 5 + 4/38. Calculate the greatest common divisor of u and 17.
17
Suppose -1451*p = -1483*p + 78080. What is the greatest common divisor of p and 40?
40
Let m be ((-882)/(-81) - 1) + 6/54. Let q(i) = -9*i - 1. Let c be q(-3). Suppose -s + c = m. What is the greatest common divisor of s and 24?
8
Suppose 195*u = 29*u + 23904. Calculate the greatest common factor of 272 and u.
16
Suppose -8303 + 2006 - 4742 = -83*g. Calculate the highest common factor of 7 and g.
7
Let p(n) = -4*n**2 + 82*n + 221. Let a be p(8). Calculate the highest common factor of a and 161.
23
Suppose -5 = -v - 4, 0 = 3*k + 3*v + 21. Suppose 3*w = 3*f + 3, 2*f + 4 = 4*w - 0*f. Let a be -18*w/4*k. What is the highest common divisor of 6 and a?
6
Let m(b) = 214*b + 2013. Let c be m(-9). What is the highest common divisor of c and 1102?
29
Let p be 154876/12 - (3 + (-8)/3). Let d be p/405 - 2*(-1)/15. What is the greatest common factor of d and 160?
32
Let u(t) = t + 33. Let a be u(-5). Let m(n) = 2*n - 8. Suppose 0 = 2*f + 1 - 13. Let k be m(f). Calculate the highest common factor of k and a.
4
Suppose 4*n + 182 = 2*v, 4*v - 2*n + 176 - 564 = 0. Let g = 716 - 473. Let f = g - v. Calculate the highest common factor of f and 16.
16
Let u(n) = n**3 - 28*n**2 - 30*n + 31. Let o be u(29). Let d be 4 + (-2)/(o + -4). Calculate the highest common divisor of d and 2.
1
Suppose 1007*d - 212 = 961*d + 340. Let p(g) = -g**3 - 16*g**2 - 12*g - 20. Let q be p(-16). Calculate the highest common factor of q and d.
4
Suppose 0 = n + o, 3*o + 2 + 3 = -2*n. Let f = 69 + -65. Suppose n*x = -f*x + 243. What is the greatest common factor of 18 and x?
9
Let g(u) = u**3 + 30*u**2 + 29*u + 42. Let i be g(-29). Calculate the greatest common factor of 18 and i.
6
Let x = -1812 + 1988. What is the highest common divisor of x and 88?
88
Let v(y) = 7*y**2 + 4*y - 3. Let r(k) = -6*k - 3. Let o be r(-1). Suppose 0*u + o = u. Let i be v(u). Calculate the highest common factor of 8 and i.
8
Let g = 66 - 61. Suppose 8 = -2*a + w, 24 = -g*a + 3*a + 5*w. Let n be 9/6*2*(a + 8). Calculate the greatest common divisor of 6 and n.
6
Let g be (4 - 0)/(-2) - -20. Let w(r) = 101*r + 1477. Let m be w(-14). Calculate the highest common factor of g and m.
9
Let s = 137 - 137. Suppose 4*c + 260 + 384 = s. Let g = c + 491. What is the highest common divisor of 30 and g?
30
Let o(j) = -j**3 + 10*j**2 + 5*j + 1. Let a be o(11). Let r = 85 + a. What is the greatest common factor of r and 4?
4
Suppose 13*d - 10*d - 288 = 0. Let f = -125 + 127. Let x be (-70)/(-7) - f*-1. What is the greatest common divisor of d and x?
12
Let y be (2/(-10) - 28/35)/((-17)/33371). Calculate the highest common factor of 104 and y.
13
Let o be 36 + 14/(-5) + 8/(-40). Suppose -15 = 6*g - o. What is the greatest common factor of g and 3?
3
Let n be ((-38)/4 - -5)/(3/(-18)). Let t = 54 - n. What is the greatest common divisor of t and 270?
27
Let l = -404 + 261. Let a = l + 240. Suppose 7*c - 71 = a. What is the greatest common factor of c and 18?
6
Suppose 234662 = 253*p - 97274. Calculate the greatest common factor of p and 123.
41
Suppose -54 = 2*q - 264. Let m be 96 + 43 + 23 + -27. What is the greatest common divisor of m and q?
15
Let z = -398 - -706. Let d = -274 + z. Calculate the highest common divisor of 34 and d.
34
Let d be (-4)/18 + 102/108*14. Let q(t) = 50 - 7 + 10 + d*t. Let x be q(12). Calculate the greatest common factor of 19 and x.
19
Let u be 10/(-25) + ((-1842)/10)/(-3). Let y = u - 58. Suppose 285 + 90 = y*b. Calculate the highest common factor of 50 and b.
25
Let s be ((-9)/4)/((-1183)/14196). Let c(b) = 35*b - 2. Let n be c(7). What is the highest common factor of s and n?
27
Let n(l) = -22*l - 133. Let z be n(-6). Let b = z - -29. Calculate the greatest common divisor of b and 140.
28
Let y(t) = 28*t - 6*t**2 - 9*t**2 + 16*t**2 - 126. Let n be y(-32). Calculate the highest common factor of 8 and n.
2
Let o be (-657)/(-27) - (-4 + 10)/18. Calculate the greatest common divisor of o and 756.
12
Suppose 3*j = 6, 319 = -5*p - 5*j + 4409. What is the highest common divisor of p and 102?
102
Let v(t) = 310*t**2 + 133*t + 13. Let m be v(-3). Calculate the greatest common divisor of m and 16.
4
Suppose -15*f + 12 = -9*f. Let t be f - (13/52)/(1/4). What is the greatest common divisor of t and 1?
1
Let o be 45/2*34/51. Let i be (-611)/(-195) + (-2)/o. What is the highest common divisor of 240 and i?
3
Let t = 6987 + -6915. What is the greatest common factor of t and 3708?
36
Let r be (-16)/(-28) - (-157)/7. Let s = r + -10. Let l be -260*((-2)/(-4))/(10/(-8)). Calculate the greatest common factor of s and l.
13
Let c(p) = 648*p + 5376. Let s be c(-6). Let j(q) = -q**3 - 7*q**2 - 8*q - 8. Let r be j(-7). What is the highest common divisor of r and s?
48
Suppose 216*m - 7149 = 3338 - 119. Calculate the highest common divisor of m and 822.
6
Let j(i) = 3564*i**2 + 369*i - 1109. Let k be j(3). What is the highest common factor of 28 and k?
14
Let h be (-1725)/20*5580/(-2325). Suppose -p + 3*q + 72 = -2*q, -q + 4 = 0. Calculate the highest common divisor of p and h.
23
Let p be (108/72)/((-3)/(-64)*4). What is the greatest common factor of 648 and p?
8
Let k = 15 + -14. Suppose -r = -5 - k. Let w(v) = -v**3 + 2*v**2 + 7*v. Let n be w(-2). Calculate the greatest common factor of n